{"id":4402,"date":"2018-04-03T16:25:35","date_gmt":"2018-04-03T14:25:35","guid":{"rendered":"http:\/\/castellodipralormo.com\/die-geschichte-des-schlosses\/"},"modified":"2018-04-09T09:46:19","modified_gmt":"2018-04-09T07:46:19","slug":"die-geschichte-des-schlosses","status":"publish","type":"page","link":"https:\/\/castellodipralormo.com\/de\/die-geschichte-des-schlosses\/","title":{"rendered":"Die Geschichte des Schlosses"},"content":{"rendered":"<p>[vc_row wrap_container=&#8221;yes&#8221; css=&#8221;.vc_custom_1504021655198{margin-top: -10px !important;}&#8221;][vc_column width=&#8221;3\/4&#8243;][vc_column_text]<\/p>\n<h1>Die Geschichte des Schlosses<\/h1>\n<p>Das Schloss enstand im 13.Jhd, sein Grundriss war ein Quadrat einer Festung, und diente zur Verteidigung des Territoriums.Vom Mittelalter bis zum 19.Jahrhundert war das Geb\u00e4ude von einem Schlossgraben umringt. Den Zugang hatte man \u00fcber eine Zugbr\u00fccke und parallel, zur westlichen Vorderseite, verlief eine Rampe, heute befindet sich dort der Haupteingang.<\/p>\n<p>Die Geschichte des Schlosses verstickt sich nat\u00fcrlich mit den jeweiligen Familien, die im Laufe der Jahrhunderte ihre Besitzer waren. Seine Gr\u00fcnder waren die Herren von Anterisio, einer antiken Familie, die ihren Untergang bereits im dunklen Mittelalter fand. Sie geh\u00f6rte zum Bischofstum Asti. Danach ging die Festung an den Orbit des Biandrate, ein sehr bedeutender Lehnsherr des Kaisers.  Nach einer Ausseinandersetzung zwischen dem Lehnsherr und der Gemeinde von Asti im Jahre 1275, ging der Besitz allerdings  um 1300 an Roero, Zweig des Roero di Pralormo. <\/p>\n<p>Die Familie Roero erweiterte das Schloss  und erg\u00e4nste es um zwei runde T\u00fcrme nach Nordwest und S\u00fcdost, und einem grossen Hauptturm nach S\u00fcdwesten. Im Jahre 1399 teilten sich die drei Br\u00fcder das Schloss  (und auch das Lehensgut) in drei gleiche Teile. Ihre Schicksale waren dennoch unterschiedlich, nachdem sie sich auch Ortsteile in noch kleinere, aufteilten. Auf diese Weise folgten viele Familien in den Besitz des Lehns und des Schlosses. Im Jahre 1680 traf Giacomo Beraudo da Barcelonnette ein, Hauptstamm der Grafschaft Beraudo di Pralormo, und der heutigen Familie im Besitz des Schlosses. Seine Erben liebten das grosse Gut und bewirkten grosse Umwandlungen: sie liesen im Jahre 1730 die sch\u00f6ne Kapelle vom Architekten Galletti (ausserdem  Urheber  der Erweiterung der Wallfahrtskirche di Oropa ) erbauen.<\/p>\n<p>In den Jahren 1830-1840 wurde der Graf Carlo Beraudo di Pralormo, ein Diplomat und Politiker im Zeitalter Albertino,  (  und Innenminister )  Alleinbesitzer  der Festung, und gestaltete mit dem Architekten Ernesto Melano den Innenbereich der Festung in ein stattliches  und angesehenes Ambiente  der Repr\u00e4sentanz, Hofarchitekt und Urheber der Umwandlungen des K\u00f6niglichen Schlosses zu Racconigi. Nachdem der Ursprung, der Verteidigung des Geb\u00e4udes immer weniger relevant war, wurde der Schossgraben und die Zugbr\u00fccke beseitigt, man erbaute den Eingangsbogen und einen gro\u00dfartigen Treppenaufgang. Der zentrale Innenhof wurde \u00fcberdeckt und in einen drei Etagen hohen Ehrensaal umgewandelt, \u00fcber ihn ein Gew\u00f6lbe mit Dachfenster und neoklassischen  B\u00f6gen und Fenstern auf der Innenseite versehen.<\/p>\n<p>Graf Carlo berief ebenso den ber\u00fchmten deutschen Gartenarchitekten Xaver Kurten zu sich und lies ihn  den herrlichen Park im Englischen Stil erschaffen. Ende des 18.Jhd, errichtete der Enkel mit dem selben Namen Carlo, und Grossvater des heutigen Besitzers, durch die aus Paris kommenden Br\u00fcder Lefebvre, die Orangerie, die grossartige Cascina und das wundersch\u00f6ne Gew\u00e4chshaus aus Glas und Eisen. Unter der Aufsicht des Vorstands der Architektonischen Landschaflichen G\u00fcter, wird heute noch  das Schloss, von Ihren Besitzern nicht nur bewohnt sondern auch eine st\u00e4ndige und gewissenhafte Instandhaltung und Pflege durchgef\u00fchrt, dazu trugen  auch die  in den letzten Jahren enstandenn Initiativen bei.[\/vc_column_text][\/vc_column][vc_column width=&#8221;1\/4&#8243;]<div class=\"porto-block\"><style>.vc_custom_1504021655198{margin-top: -10px !important;}.vc_custom_1505485521375{padding-left: 30px !important;}<\/style>[vc_row wrap_container=\"yes\" css=\".vc_custom_1504021655198{margin-top: -10px !important;}\"][vc_column css=\".vc_custom_1505485521375{padding-left: 30px !important;}\"][vc_empty_space height=\"18px\"][vc_column_text]<a href=\"http:\/\/castellodipralormo.com\/de\/schlossbesichtigungen\/\"><img class=\"alignnone wp-image-3229 size-full\" src=\"http:\/\/castellodipralormo.com\/wp-content\/uploads\/2018\/04\/visite-al-castello-de.jpg\" alt=\"visite-al-castello-de\" width=\"430\" height=\"215\" \/><\/a>\r\n<a href=\"http:\/\/castellodipralormo.com\/de\/messer-tulpen\/\"><img class=\"alignnone wp-image-2001 size-full\" style=\"margin-top: 15px;\" src=\"http:\/\/castellodipralormo.com\/wp-content\/uploads\/2018\/04\/messer-tulipano-de.jpg\" alt=\"messer-tulipano-de\" width=\"430\" height=\"215\" \/><\/a>\r\n<a href=\"http:\/\/castellodipralormo.com\/de\/die-modelleisenbahnen-des-grafen\/\"><img class=\"alignnone wp-image-2010 size-full\" style=\"margin-top: 15px;\" src=\"http:\/\/castellodipralormo.com\/wp-content\/uploads\/2018\/04\/il-trenino-del-conte-de.jpg\" alt=\"il-trenino-del-conte-de\" width=\"430\" height=\"215\" \/><\/a>\r\n<a href=\"http:\/\/castellodipralormo.com\/de\/location-und-hochzeiten\/\"><img class=\"alignnone size-full wp-image-2007\" style=\"margin-top: 15px;\" src=\"http:\/\/castellodipralormo.com\/wp-content\/uploads\/2018\/04\/eventi-e-matrimoni-de.jpg\" alt=\"eventi-e-matrimoni-de\" width=\"430\" height=\"215\" \/><\/a>\r\n<a href=\"http:\/\/www.lecasedellagiardiniera.it\/de\/home\/\"><img class=\"alignnone size-full wp-image-2004\" style=\"margin-top: 15px;\" src=\"http:\/\/castellodipralormo.com\/wp-content\/uploads\/2018\/04\/ospitalita-de.jpg\" alt=\"le-case-della-giardiniera-de\" width=\"430\" height=\"215\" \/><\/a>[\/vc_column_text][\/vc_column][\/vc_row]<\/div>[\/vc_column][\/vc_row]<\/p>\n","protected":false},"excerpt":{"rendered":"<p>[vc_row wrap_container=&#8221;yes&#8221; css=&#8221;.vc_custom_1504021655198{margin-top: -10px !important;}&#8221;][vc_column width=&#8221;3\/4&#8243;][vc_column_text] Die Geschichte des Schlosses Das Schloss enstand im 13.Jhd, sein Grundriss war ein Quadrat einer Festung, und diente zur Verteidigung des Territoriums.Vom Mittelalter bis zum 19.Jahrhundert war das Geb\u00e4ude von einem Schlossgraben umringt. Den Zugang hatte man \u00fcber eine Zugbr\u00fccke und parallel, zur westlichen Vorderseite, verlief eine Rampe, heute [&hellip;]<\/p>\n","protected":false},"author":1,"featured_media":0,"parent":0,"menu_order":0,"comment_status":"closed","ping_status":"closed","template":"","meta":[],"tags":[],"yoast_head":"<!-- This site is optimized with the Yoast SEO plugin v16.1.1 - https:\/\/yoast.com\/wordpress\/plugins\/seo\/ -->\n<title>Die Geschichte des Schlosses - Castello di Pralormo<\/title>\n<link rel=\"canonical\" href=\"https:\/\/castellodipralormo.com\/de\/die-geschichte-des-schlosses\/\" \/>\n<meta property=\"og:locale\" content=\"de_DE\" \/>\n<meta property=\"og:type\" content=\"article\" \/>\n<meta property=\"og:title\" content=\"Die Geschichte des Schlosses - Castello di Pralormo\" \/>\n<meta property=\"og:description\" content=\"[vc_row wrap_container=&#8221;yes&#8221; css=&#8221;.vc_custom_1504021655198{margin-top: -10px !important;}&#8221;][vc_column width=&#8221;3\/4&#8243;][vc_column_text] Die Geschichte des Schlosses Das Schloss enstand im 13.Jhd, sein Grundriss war ein Quadrat einer Festung, und diente zur Verteidigung des Territoriums.Vom Mittelalter bis zum 19.Jahrhundert war das Geb\u00e4ude von einem Schlossgraben umringt. Den Zugang hatte man \u00fcber eine Zugbr\u00fccke und parallel, zur westlichen Vorderseite, verlief eine Rampe, heute [&hellip;]\" \/>\n<meta property=\"og:url\" content=\"https:\/\/castellodipralormo.com\/de\/die-geschichte-des-schlosses\/\" \/>\n<meta property=\"og:site_name\" content=\"Castello di Pralormo\" \/>\n<meta property=\"article:modified_time\" content=\"2018-04-09T07:46:19+00:00\" \/>\n<meta name=\"twitter:card\" content=\"summary\" \/>\n<meta name=\"twitter:label1\" content=\"Gesch\u00e4tzte Lesezeit\">\n\t<meta name=\"twitter:data1\" content=\"3 Minuten\">\n<script type=\"application\/ld+json\" class=\"yoast-schema-graph\">{\"@context\":\"https:\/\/schema.org\",\"@graph\":[{\"@type\":\"WebSite\",\"@id\":\"https:\/\/castellodipralormo.com\/#website\",\"url\":\"https:\/\/castellodipralormo.com\/\",\"name\":\"Castello di Pralormo\",\"description\":\"\",\"potentialAction\":[{\"@type\":\"SearchAction\",\"target\":\"https:\/\/castellodipralormo.com\/?s={search_term_string}\",\"query-input\":\"required name=search_term_string\"}],\"inLanguage\":\"de-DE\"},{\"@type\":\"WebPage\",\"@id\":\"https:\/\/castellodipralormo.com\/de\/die-geschichte-des-schlosses\/#webpage\",\"url\":\"https:\/\/castellodipralormo.com\/de\/die-geschichte-des-schlosses\/\",\"name\":\"Die Geschichte des Schlosses - Castello di Pralormo\",\"isPartOf\":{\"@id\":\"https:\/\/castellodipralormo.com\/#website\"},\"datePublished\":\"2018-04-03T14:25:35+00:00\",\"dateModified\":\"2018-04-09T07:46:19+00:00\",\"breadcrumb\":{\"@id\":\"https:\/\/castellodipralormo.com\/de\/die-geschichte-des-schlosses\/#breadcrumb\"},\"inLanguage\":\"de-DE\",\"potentialAction\":[{\"@type\":\"ReadAction\",\"target\":[\"https:\/\/castellodipralormo.com\/de\/die-geschichte-des-schlosses\/\"]}]},{\"@type\":\"BreadcrumbList\",\"@id\":\"https:\/\/castellodipralormo.com\/de\/die-geschichte-des-schlosses\/#breadcrumb\",\"itemListElement\":[{\"@type\":\"ListItem\",\"position\":1,\"item\":{\"@type\":\"WebPage\",\"@id\":\"https:\/\/castellodipralormo.com\/de\/\",\"url\":\"https:\/\/castellodipralormo.com\/de\/\",\"name\":\"Home\"}},{\"@type\":\"ListItem\",\"position\":2,\"item\":{\"@type\":\"WebPage\",\"@id\":\"https:\/\/castellodipralormo.com\/de\/die-geschichte-des-schlosses\/\",\"url\":\"https:\/\/castellodipralormo.com\/de\/die-geschichte-des-schlosses\/\",\"name\":\"Die Geschichte des Schlosses\"}}]}]}<\/script>\n<!-- \/ Yoast SEO plugin. -->","_links":{"self":[{"href":"https:\/\/castellodipralormo.com\/de\/wp-json\/wp\/v2\/pages\/4402"}],"collection":[{"href":"https:\/\/castellodipralormo.com\/de\/wp-json\/wp\/v2\/pages"}],"about":[{"href":"https:\/\/castellodipralormo.com\/de\/wp-json\/wp\/v2\/types\/page"}],"author":[{"embeddable":true,"href":"https:\/\/castellodipralormo.com\/de\/wp-json\/wp\/v2\/users\/1"}],"replies":[{"embeddable":true,"href":"https:\/\/castellodipralormo.com\/de\/wp-json\/wp\/v2\/comments?post=4402"}],"version-history":[{"count":1,"href":"https:\/\/castellodipralormo.com\/de\/wp-json\/wp\/v2\/pages\/4402\/revisions"}],"predecessor-version":[{"id":4403,"href":"https:\/\/castellodipralormo.com\/de\/wp-json\/wp\/v2\/pages\/4402\/revisions\/4403"}],"wp:attachment":[{"href":"https:\/\/castellodipralormo.com\/de\/wp-json\/wp\/v2\/media?parent=4402"}],"wp:term":[{"taxonomy":"post_tag","embeddable":true,"href":"https:\/\/castellodipralormo.com\/de\/wp-json\/wp\/v2\/tags?post=4402"}],"curies":[{"name":"wp","href":"https:\/\/api.w.org\/{rel}","templated":true}]}}

<p>[vc_row wrap_container=&#8221;yes&#8221; css=&#8221;.vc_custom_1504021655198{margin-top: -10px !important;}&#8221;][vc_column width=&#8221;3/4&#8243;][vc_column_text]</p>
<h1>Die Geschichte des Schlosses</h1>
<p>Das Schloss enstand im 13.Jhd, sein Grundriss war ein Quadrat einer Festung, und diente zur Verteidigung des Territoriums.Vom Mittelalter bis zum 19.Jahrhundert war das Gebäude von einem Schlossgraben umringt. Den Zugang hatte man über eine Zugbrücke und parallel, zur westlichen Vorderseite, verlief eine Rampe, heute befindet sich dort der Haupteingang.</p>
<p>Die Geschichte des Schlosses verstickt sich natürlich mit den jeweiligen Familien, die im Laufe der Jahrhunderte ihre Besitzer waren. Seine Gründer waren die Herren von Anterisio, einer antiken Familie, die ihren Untergang bereits im dunklen Mittelalter fand. Sie gehörte zum Bischofstum Asti. Danach ging die Festung an den Orbit des Biandrate, ein sehr bedeutender Lehnsherr des Kaisers.  Nach einer Ausseinandersetzung zwischen dem Lehnsherr und der Gemeinde von Asti im Jahre 1275, ging der Besitz allerdings  um 1300 an Roero, Zweig des Roero di Pralormo. </p>
<p>Die Familie Roero erweiterte das Schloss  und ergänste es um zwei runde Türme nach Nordwest und Südost, und einem grossen Hauptturm nach Südwesten. Im Jahre 1399 teilten sich die drei Brüder das Schloss  (und auch das Lehensgut) in drei gleiche Teile. Ihre Schicksale waren dennoch unterschiedlich, nachdem sie sich auch Ortsteile in noch kleinere, aufteilten. Auf diese Weise folgten viele Familien in den Besitz des Lehns und des Schlosses. Im Jahre 1680 traf Giacomo Beraudo da Barcelonnette ein, Hauptstamm der Grafschaft Beraudo di Pralormo, und der heutigen Familie im Besitz des Schlosses. Seine Erben liebten das grosse Gut und bewirkten grosse Umwandlungen: sie liesen im Jahre 1730 die schöne Kapelle vom Architekten Galletti (ausserdem  Urheber  der Erweiterung der Wallfahrtskirche di Oropa ) erbauen.</p>
<p>In den Jahren 1830-1840 wurde der Graf Carlo Beraudo di Pralormo, ein Diplomat und Politiker im Zeitalter Albertino,  (  und Innenminister )  Alleinbesitzer  der Festung, und gestaltete mit dem Architekten Ernesto Melano den Innenbereich der Festung in ein stattliches  und angesehenes Ambiente  der Repräsentanz, Hofarchitekt und Urheber der Umwandlungen des Königlichen Schlosses zu Racconigi. Nachdem der Ursprung, der Verteidigung des Gebäudes immer weniger relevant war, wurde der Schossgraben und die Zugbrücke beseitigt, man erbaute den Eingangsbogen und einen großartigen Treppenaufgang. Der zentrale Innenhof wurde überdeckt und in einen drei Etagen hohen Ehrensaal umgewandelt, über ihn ein Gewölbe mit Dachfenster und neoklassischen  Bögen und Fenstern auf der Innenseite versehen.</p>
<p>Graf Carlo berief ebenso den berühmten deutschen Gartenarchitekten Xaver Kurten zu sich und lies ihn  den herrlichen Park im Englischen Stil erschaffen. Ende des 18.Jhd, errichtete der Enkel mit dem selben Namen Carlo, und Grossvater des heutigen Besitzers, durch die aus Paris kommenden Brüder Lefebvre, die Orangerie, die grossartige Cascina und das wunderschöne Gewächshaus aus Glas und Eisen. Unter der Aufsicht des Vorstands der Architektonischen Landschaflichen Güter, wird heute noch  das Schloss, von Ihren Besitzern nicht nur bewohnt sondern auch eine ständige und gewissenhafte Instandhaltung und Pflege durchgeführt, dazu trugen  auch die  in den letzten Jahren enstandenn Initiativen bei.[/vc_column_text][/vc_column][vc_column width=&#8221;1/4&#8243;]<div class="porto-block"><style>.vc_custom_1504021655198{margin-top: -10px !important;}.vc_custom_1505485521375{padding-left: 30px !important;}</style>[vc_row wrap_container="yes" css=".vc_custom_1504021655198{margin-top: -10px !important;}"][vc_column css=".vc_custom_1505485521375{padding-left: 30px !important;}"][vc_empty_space height="18px"][vc_column_text]<a href="http://castellodipralormo.com/de/schlossbesichtigungen/"><img class="alignnone wp-image-3229 size-full" src="http://castellodipralormo.com/wp-content/uploads/2018/04/visite-al-castello-de.jpg" alt="visite-al-castello-de" width="430" height="215" /></a>
<a href="http://castellodipralormo.com/de/messer-tulpen/"><img class="alignnone wp-image-2001 size-full" style="margin-top: 15px;" src="http://castellodipralormo.com/wp-content/uploads/2018/04/messer-tulipano-de.jpg" alt="messer-tulipano-de" width="430" height="215" /></a>
<a href="http://castellodipralormo.com/de/die-modelleisenbahnen-des-grafen/"><img class="alignnone wp-image-2010 size-full" style="margin-top: 15px;" src="http://castellodipralormo.com/wp-content/uploads/2018/04/il-trenino-del-conte-de.jpg" alt="il-trenino-del-conte-de" width="430" height="215" /></a>
<a href="http://castellodipralormo.com/de/location-und-hochzeiten/"><img class="alignnone size-full wp-image-2007" style="margin-top: 15px;" src="http://castellodipralormo.com/wp-content/uploads/2018/04/eventi-e-matrimoni-de.jpg" alt="eventi-e-matrimoni-de" width="430" height="215" /></a>
<a href="http://www.lecasedellagiardiniera.it/de/home/"><img class="alignnone size-full wp-image-2004" style="margin-top: 15px;" src="http://castellodipralormo.com/wp-content/uploads/2018/04/ospitalita-de.jpg" alt="le-case-della-giardiniera-de" width="430" height="215" /></a>[/vc_column_text][/vc_column][/vc_row]</div>[/vc_column][/vc_row]</p>

<p>[vc_row wrap_container=&#8221;yes&#8221; css=&#8221;.vc_custom_1504021655198{margin-top: -10px !important;}&#8221;][vc_column width=&#8221;3/4&#8243;][vc_column_text] Die Geschichte des Schlosses Das Schloss enstand im 13.Jhd, sein Grundriss war ein Quadrat einer Festung, und diente zur Verteidigung des Territoriums.Vom Mittelalter bis zum 19.Jahrhundert war das Gebäude von einem Schlossgraben umringt. Den Zugang hatte man über eine Zugbrücke und parallel, zur westlichen Vorderseite, verlief eine Rampe, heute [&hellip;]</p>

<!-- This site is optimized with the Yoast SEO plugin v16.1.1 - https://yoast.com/wordpress/plugins/seo/ -->
<title>Die Geschichte des Schlosses - Castello di Pralormo</title>
<link rel="canonical" href="https://castellodipralormo.com/de/die-geschichte-des-schlosses/" />
<meta property="og:locale" content="de_DE" />
<meta property="og:type" content="article" />
<meta property="og:title" content="Die Geschichte des Schlosses - Castello di Pralormo" />
<meta property="og:description" content="[vc_row wrap_container=&#8221;yes&#8221; css=&#8221;.vc_custom_1504021655198{margin-top: -10px !important;}&#8221;][vc_column width=&#8221;3/4&#8243;][vc_column_text] Die Geschichte des Schlosses Das Schloss enstand im 13.Jhd, sein Grundriss war ein Quadrat einer Festung, und diente zur Verteidigung des Territoriums.Vom Mittelalter bis zum 19.Jahrhundert war das Gebäude von einem Schlossgraben umringt. Den Zugang hatte man über eine Zugbrücke und parallel, zur westlichen Vorderseite, verlief eine Rampe, heute [&hellip;]" />
<meta property="og:url" content="https://castellodipralormo.com/de/die-geschichte-des-schlosses/" />
<meta property="og:site_name" content="Castello di Pralormo" />
<meta property="article:modified_time" content="2018-04-09T07:46:19+00:00" />
<meta name="twitter:card" content="summary" />
<meta name="twitter:label1" content="Geschätzte Lesezeit">
	<meta name="twitter:data1" content="3 Minuten">
<script type="application/ld+json" class="yoast-schema-graph">{"@context":"https://schema.org","@graph":[{"@type":"WebSite","@id":"https://castellodipralormo.com/#website","url":"https://castellodipralormo.com/","name":"Castello di Pralormo","description":"","potentialAction":[{"@type":"SearchAction","target":"https://castellodipralormo.com/?s={search_term_string}","query-input":"required name=search_term_string"}],"inLanguage":"de-DE"},{"@type":"WebPage","@id":"https://castellodipralormo.com/de/die-geschichte-des-schlosses/#webpage","url":"https://castellodipralormo.com/de/die-geschichte-des-schlosses/","name":"Die Geschichte des Schlosses - Castello di Pralormo","isPartOf":{"@id":"https://castellodipralormo.com/#website"},"datePublished":"2018-04-03T14:25:35+00:00","dateModified":"2018-04-09T07:46:19+00:00","breadcrumb":{"@id":"https://castellodipralormo.com/de/die-geschichte-des-schlosses/#breadcrumb"},"inLanguage":"de-DE","potentialAction":[{"@type":"ReadAction","target":["https://castellodipralormo.com/de/die-geschichte-des-schlosses/"]}]},{"@type":"BreadcrumbList","@id":"https://castellodipralormo.com/de/die-geschichte-des-schlosses/#breadcrumb","itemListElement":[{"@type":"ListItem","position":1,"item":{"@type":"WebPage","@id":"https://castellodipralormo.com/de/","url":"https://castellodipralormo.com/de/","name":"Home"}},{"@type":"ListItem","position":2,"item":{"@type":"WebPage","@id":"https://castellodipralormo.com/de/die-geschichte-des-schlosses/","url":"https://castellodipralormo.com/de/die-geschichte-des-schlosses/","name":"Die Geschichte des Schlosses"}}]}]}</script>
<!-- / Yoast SEO plugin. -->
