{"id":4559,"date":"2018-04-04T16:04:08","date_gmt":"2018-04-04T14:04:08","guid":{"rendered":"http:\/\/castellodipralormo.com\/offnungszeiten\/"},"modified":"2018-04-09T09:47:27","modified_gmt":"2018-04-09T07:47:27","slug":"offnungszeiten","status":"publish","type":"page","link":"https:\/\/castellodipralormo.com\/de\/offnungszeiten\/","title":{"rendered":"\u00d6FFNUNGSZEITEN"},"content":{"rendered":"<p>[vc_row wrap_container=&#8221;yes&#8221; css=&#8221;.vc_custom_1504021655198{margin-top: -10px !important;}&#8221;][vc_column width=&#8221;3\/4&#8243;][vc_column_text]<\/p>\n<h1>\u00d6FFNUNGSZEITEN<\/h1>\n<p>[\/vc_column_text][vc_row_inner][vc_column_inner width=&#8221;1\/3&#8243;][vc_column_text]<\/p>\n<h3>ER\u00d6FFNUNG:<\/h3>\n<p>[\/vc_column_text][\/vc_column_inner][vc_column_inner width=&#8221;2\/3&#8243;][vc_column_text]<strong>MESSER TULPEN:<\/strong><br \/>\nT\u00e4glich vom 31.M\u00e4rz bis zum 01. Mai  2018 (mon-fre h10-18, sam-son h10-19)<\/p>\n<p><strong>SCHLOSS VON PRALORMO:<\/strong><br \/>\n\u2013 Besucher:<br \/>\nT\u00e4glich vom 31. M\u00e4rz bis zum 01.Mai 2018<\/p>\n<p>Jeden Sonntag vom 06.Mai bis zum 25.November 2018 ( au\u00dfer im August)<br \/>\nOhne Vorreservierung<br \/>\n\u2013 Gruppen \u00fcber 15 Personen:<br \/>\nT\u00e4glich vom 31.M\u00e4rz bis zum 25.November 2018 ( au\u00dfer im August)<br \/>\nReservierung erforderlich<\/p>\n<p><strong>\u201cDIE MODELLEISENBAHN DES GRAFEN\u201d:<\/strong><br \/>\nT\u00e4glich vom 31.M\u00e4rz bis zum 01. Mai<\/p>\n<p>Jeden Sonntag vom 06.Mai bis zum 25.November 2018 ( au\u00dfer im August)<br \/>\nSind nur kleine Gruppen mit nicht mehr als 12 Personen zugelassen.[\/vc_column_text][\/vc_column_inner][\/vc_row_inner][vc_row_inner][vc_column_inner][vc_separator][vc_column_text]Die Schlossbesichtung findet generell  nur mit F\u00fchrung statt und dauert ca. 45 min.. In der Regel werden die Schlossf\u00fchrungen auf italienisch gehalten. (F\u00fchrungen in anderen Sprachen bitte vorab im Sekretariat anrufen).<\/p>\n<h3>BEGEHBARKEIT <\/h3>\n<p>Das Schloss ist ein Privatgrundst\u00fcck und kein Museum, deshalb isy die Zug\u00e4nglichkeit dei einer normalen Nutzung eines Hauses. Wir weisen darauf hin das das Schloss leider keine Behindertengerechte Begehbarkeit hat, auf dem Rundgang sind Treppen vorhanden die leider aus Einschr\u00e4nkungen der Architektur nicht beseitigt werden konnten. Es gibt einen gro\u00dfen Privatparkplatz. Einen Bookshop. Wc.<\/p>\n<h3>F\u00dcR INFO UND RESERVIERUNGEN:<\/h3>\n<p>tel e fax 011-884870 tel 011-8140981<br \/>\ninfo@castellodipralormo.com[\/vc_column_text][\/vc_column_inner][\/vc_row_inner][vc_empty_space][\/vc_column][vc_column width=&#8221;1\/4&#8243;]<div class=\"porto-block\"><style>.vc_custom_1504021655198{margin-top: -10px !important;}.vc_custom_1505485521375{padding-left: 30px !important;}<\/style>[vc_row wrap_container=\"yes\" css=\".vc_custom_1504021655198{margin-top: -10px !important;}\"][vc_column css=\".vc_custom_1505485521375{padding-left: 30px !important;}\"][vc_empty_space height=\"18px\"][vc_column_text]<a href=\"http:\/\/castellodipralormo.com\/de\/schlossbesichtigungen\/\"><img class=\"alignnone wp-image-3229 size-full\" src=\"http:\/\/castellodipralormo.com\/wp-content\/uploads\/2018\/04\/visite-al-castello-de.jpg\" alt=\"visite-al-castello-de\" width=\"430\" height=\"215\" \/><\/a>\r\n<a href=\"http:\/\/castellodipralormo.com\/de\/messer-tulpen\/\"><img class=\"alignnone wp-image-2001 size-full\" style=\"margin-top: 15px;\" src=\"http:\/\/castellodipralormo.com\/wp-content\/uploads\/2018\/04\/messer-tulipano-de.jpg\" alt=\"messer-tulipano-de\" width=\"430\" height=\"215\" \/><\/a>\r\n<a href=\"http:\/\/castellodipralormo.com\/de\/die-modelleisenbahnen-des-grafen\/\"><img class=\"alignnone wp-image-2010 size-full\" style=\"margin-top: 15px;\" src=\"http:\/\/castellodipralormo.com\/wp-content\/uploads\/2018\/04\/il-trenino-del-conte-de.jpg\" alt=\"il-trenino-del-conte-de\" width=\"430\" height=\"215\" \/><\/a>\r\n<a href=\"http:\/\/castellodipralormo.com\/de\/location-und-hochzeiten\/\"><img class=\"alignnone size-full wp-image-2007\" style=\"margin-top: 15px;\" src=\"http:\/\/castellodipralormo.com\/wp-content\/uploads\/2018\/04\/eventi-e-matrimoni-de.jpg\" alt=\"eventi-e-matrimoni-de\" width=\"430\" height=\"215\" \/><\/a>\r\n<a href=\"http:\/\/www.lecasedellagiardiniera.it\/de\/home\/\"><img class=\"alignnone size-full wp-image-2004\" style=\"margin-top: 15px;\" src=\"http:\/\/castellodipralormo.com\/wp-content\/uploads\/2018\/04\/ospitalita-de.jpg\" alt=\"le-case-della-giardiniera-de\" width=\"430\" height=\"215\" \/><\/a>[\/vc_column_text][\/vc_column][\/vc_row]<\/div>[\/vc_column][\/vc_row]<\/p>\n","protected":false},"excerpt":{"rendered":"<p>[vc_row wrap_container=&#8221;yes&#8221; css=&#8221;.vc_custom_1504021655198{margin-top: -10px !important;}&#8221;][vc_column width=&#8221;3\/4&#8243;][vc_column_text] \u00d6FFNUNGSZEITEN [\/vc_column_text][vc_row_inner][vc_column_inner width=&#8221;1\/3&#8243;][vc_column_text] ER\u00d6FFNUNG: [\/vc_column_text][\/vc_column_inner][vc_column_inner width=&#8221;2\/3&#8243;][vc_column_text]MESSER TULPEN: T\u00e4glich vom 31.M\u00e4rz bis zum 01. Mai 2018 (mon-fre h10-18, sam-son h10-19) SCHLOSS VON PRALORMO: \u2013 Besucher: T\u00e4glich vom 31. M\u00e4rz bis zum 01.Mai 2018 Jeden Sonntag vom 06.Mai bis zum 25.November 2018 ( au\u00dfer im August) Ohne Vorreservierung \u2013 Gruppen \u00fcber [&hellip;]<\/p>\n","protected":false},"author":1,"featured_media":0,"parent":0,"menu_order":0,"comment_status":"closed","ping_status":"closed","template":"","meta":[],"tags":[],"yoast_head":"<!-- This site is optimized with the Yoast SEO plugin v16.1.1 - https:\/\/yoast.com\/wordpress\/plugins\/seo\/ -->\n<title>\u00d6FFNUNGSZEITEN - Castello di Pralormo<\/title>\n<link rel=\"canonical\" href=\"https:\/\/castellodipralormo.com\/de\/offnungszeiten\/\" \/>\n<meta property=\"og:locale\" content=\"de_DE\" \/>\n<meta property=\"og:type\" content=\"article\" \/>\n<meta property=\"og:title\" content=\"\u00d6FFNUNGSZEITEN - Castello di Pralormo\" \/>\n<meta property=\"og:description\" content=\"[vc_row wrap_container=&#8221;yes&#8221; css=&#8221;.vc_custom_1504021655198{margin-top: -10px !important;}&#8221;][vc_column width=&#8221;3\/4&#8243;][vc_column_text] \u00d6FFNUNGSZEITEN [\/vc_column_text][vc_row_inner][vc_column_inner width=&#8221;1\/3&#8243;][vc_column_text] ER\u00d6FFNUNG: [\/vc_column_text][\/vc_column_inner][vc_column_inner width=&#8221;2\/3&#8243;][vc_column_text]MESSER TULPEN: T\u00e4glich vom 31.M\u00e4rz bis zum 01. Mai 2018 (mon-fre h10-18, sam-son h10-19) SCHLOSS VON PRALORMO: \u2013 Besucher: T\u00e4glich vom 31. M\u00e4rz bis zum 01.Mai 2018 Jeden Sonntag vom 06.Mai bis zum 25.November 2018 ( au\u00dfer im August) Ohne Vorreservierung \u2013 Gruppen \u00fcber [&hellip;]\" \/>\n<meta property=\"og:url\" content=\"https:\/\/castellodipralormo.com\/de\/offnungszeiten\/\" \/>\n<meta property=\"og:site_name\" content=\"Castello di Pralormo\" \/>\n<meta property=\"article:modified_time\" content=\"2018-04-09T07:47:27+00:00\" \/>\n<meta name=\"twitter:card\" content=\"summary\" \/>\n<meta name=\"twitter:label1\" content=\"Gesch\u00e4tzte Lesezeit\">\n\t<meta name=\"twitter:data1\" content=\"1 Minute\">\n<script type=\"application\/ld+json\" class=\"yoast-schema-graph\">{\"@context\":\"https:\/\/schema.org\",\"@graph\":[{\"@type\":\"WebSite\",\"@id\":\"https:\/\/castellodipralormo.com\/#website\",\"url\":\"https:\/\/castellodipralormo.com\/\",\"name\":\"Castello di Pralormo\",\"description\":\"\",\"potentialAction\":[{\"@type\":\"SearchAction\",\"target\":\"https:\/\/castellodipralormo.com\/?s={search_term_string}\",\"query-input\":\"required name=search_term_string\"}],\"inLanguage\":\"de-DE\"},{\"@type\":\"WebPage\",\"@id\":\"https:\/\/castellodipralormo.com\/de\/offnungszeiten\/#webpage\",\"url\":\"https:\/\/castellodipralormo.com\/de\/offnungszeiten\/\",\"name\":\"\\u00d6FFNUNGSZEITEN - Castello di Pralormo\",\"isPartOf\":{\"@id\":\"https:\/\/castellodipralormo.com\/#website\"},\"datePublished\":\"2018-04-04T14:04:08+00:00\",\"dateModified\":\"2018-04-09T07:47:27+00:00\",\"breadcrumb\":{\"@id\":\"https:\/\/castellodipralormo.com\/de\/offnungszeiten\/#breadcrumb\"},\"inLanguage\":\"de-DE\",\"potentialAction\":[{\"@type\":\"ReadAction\",\"target\":[\"https:\/\/castellodipralormo.com\/de\/offnungszeiten\/\"]}]},{\"@type\":\"BreadcrumbList\",\"@id\":\"https:\/\/castellodipralormo.com\/de\/offnungszeiten\/#breadcrumb\",\"itemListElement\":[{\"@type\":\"ListItem\",\"position\":1,\"item\":{\"@type\":\"WebPage\",\"@id\":\"https:\/\/castellodipralormo.com\/de\/\",\"url\":\"https:\/\/castellodipralormo.com\/de\/\",\"name\":\"Home\"}},{\"@type\":\"ListItem\",\"position\":2,\"item\":{\"@type\":\"WebPage\",\"@id\":\"https:\/\/castellodipralormo.com\/de\/offnungszeiten\/\",\"url\":\"https:\/\/castellodipralormo.com\/de\/offnungszeiten\/\",\"name\":\"\\u00d6FFNUNGSZEITEN\"}}]}]}<\/script>\n<!-- \/ Yoast SEO plugin. -->","_links":{"self":[{"href":"https:\/\/castellodipralormo.com\/de\/wp-json\/wp\/v2\/pages\/4559"}],"collection":[{"href":"https:\/\/castellodipralormo.com\/de\/wp-json\/wp\/v2\/pages"}],"about":[{"href":"https:\/\/castellodipralormo.com\/de\/wp-json\/wp\/v2\/types\/page"}],"author":[{"embeddable":true,"href":"https:\/\/castellodipralormo.com\/de\/wp-json\/wp\/v2\/users\/1"}],"replies":[{"embeddable":true,"href":"https:\/\/castellodipralormo.com\/de\/wp-json\/wp\/v2\/comments?post=4559"}],"version-history":[{"count":4,"href":"https:\/\/castellodipralormo.com\/de\/wp-json\/wp\/v2\/pages\/4559\/revisions"}],"predecessor-version":[{"id":4563,"href":"https:\/\/castellodipralormo.com\/de\/wp-json\/wp\/v2\/pages\/4559\/revisions\/4563"}],"wp:attachment":[{"href":"https:\/\/castellodipralormo.com\/de\/wp-json\/wp\/v2\/media?parent=4559"}],"wp:term":[{"taxonomy":"post_tag","embeddable":true,"href":"https:\/\/castellodipralormo.com\/de\/wp-json\/wp\/v2\/tags?post=4559"}],"curies":[{"name":"wp","href":"https:\/\/api.w.org\/{rel}","templated":true}]}}

ÖFFNUNGSZEITEN

<p>[vc_row wrap_container=&#8221;yes&#8221; css=&#8221;.vc_custom_1504021655198{margin-top: -10px !important;}&#8221;][vc_column width=&#8221;3/4&#8243;][vc_column_text]</p>
<h1>ÖFFNUNGSZEITEN</h1>
<p>[/vc_column_text][vc_row_inner][vc_column_inner width=&#8221;1/3&#8243;][vc_column_text]</p>
<h3>ERÖFFNUNG:</h3>
<p>[/vc_column_text][/vc_column_inner][vc_column_inner width=&#8221;2/3&#8243;][vc_column_text]<strong>MESSER TULPEN:</strong><br />
Täglich vom 31.März bis zum 01. Mai  2018 (mon-fre h10-18, sam-son h10-19)</p>
<p><strong>SCHLOSS VON PRALORMO:</strong><br />
– Besucher:<br />
Täglich vom 31. März bis zum 01.Mai 2018</p>
<p>Jeden Sonntag vom 06.Mai bis zum 25.November 2018 ( außer im August)<br />
Ohne Vorreservierung<br />
– Gruppen über 15 Personen:<br />
Täglich vom 31.März bis zum 25.November 2018 ( außer im August)<br />
Reservierung erforderlich</p>
<p><strong>“DIE MODELLEISENBAHN DES GRAFEN”:</strong><br />
Täglich vom 31.März bis zum 01. Mai</p>
<p>Jeden Sonntag vom 06.Mai bis zum 25.November 2018 ( außer im August)<br />
Sind nur kleine Gruppen mit nicht mehr als 12 Personen zugelassen.[/vc_column_text][/vc_column_inner][/vc_row_inner][vc_row_inner][vc_column_inner][vc_separator][vc_column_text]Die Schlossbesichtung findet generell  nur mit Führung statt und dauert ca. 45 min.. In der Regel werden die Schlossführungen auf italienisch gehalten. (Führungen in anderen Sprachen bitte vorab im Sekretariat anrufen).</p>
<h3>BEGEHBARKEIT </h3>
<p>Das Schloss ist ein Privatgrundstück und kein Museum, deshalb isy die Zugänglichkeit dei einer normalen Nutzung eines Hauses. Wir weisen darauf hin das das Schloss leider keine Behindertengerechte Begehbarkeit hat, auf dem Rundgang sind Treppen vorhanden die leider aus Einschränkungen der Architektur nicht beseitigt werden konnten. Es gibt einen großen Privatparkplatz. Einen Bookshop. Wc.</p>
<h3>FÜR INFO UND RESERVIERUNGEN:</h3>
<p>tel e fax 011-884870 tel 011-8140981<br />
info@castellodipralormo.com[/vc_column_text][/vc_column_inner][/vc_row_inner][vc_empty_space][/vc_column][vc_column width=&#8221;1/4&#8243;]<div class="porto-block"><style>.vc_custom_1504021655198{margin-top: -10px !important;}.vc_custom_1505485521375{padding-left: 30px !important;}</style>[vc_row wrap_container="yes" css=".vc_custom_1504021655198{margin-top: -10px !important;}"][vc_column css=".vc_custom_1505485521375{padding-left: 30px !important;}"][vc_empty_space height="18px"][vc_column_text]<a href="http://castellodipralormo.com/de/schlossbesichtigungen/"><img class="alignnone wp-image-3229 size-full" src="http://castellodipralormo.com/wp-content/uploads/2018/04/visite-al-castello-de.jpg" alt="visite-al-castello-de" width="430" height="215" /></a>
<a href="http://castellodipralormo.com/de/messer-tulpen/"><img class="alignnone wp-image-2001 size-full" style="margin-top: 15px;" src="http://castellodipralormo.com/wp-content/uploads/2018/04/messer-tulipano-de.jpg" alt="messer-tulipano-de" width="430" height="215" /></a>
<a href="http://castellodipralormo.com/de/die-modelleisenbahnen-des-grafen/"><img class="alignnone wp-image-2010 size-full" style="margin-top: 15px;" src="http://castellodipralormo.com/wp-content/uploads/2018/04/il-trenino-del-conte-de.jpg" alt="il-trenino-del-conte-de" width="430" height="215" /></a>
<a href="http://castellodipralormo.com/de/location-und-hochzeiten/"><img class="alignnone size-full wp-image-2007" style="margin-top: 15px;" src="http://castellodipralormo.com/wp-content/uploads/2018/04/eventi-e-matrimoni-de.jpg" alt="eventi-e-matrimoni-de" width="430" height="215" /></a>
<a href="http://www.lecasedellagiardiniera.it/de/home/"><img class="alignnone size-full wp-image-2004" style="margin-top: 15px;" src="http://castellodipralormo.com/wp-content/uploads/2018/04/ospitalita-de.jpg" alt="le-case-della-giardiniera-de" width="430" height="215" /></a>[/vc_column_text][/vc_column][/vc_row]</div>[/vc_column][/vc_row]</p>

<p>[vc_row wrap_container=&#8221;yes&#8221; css=&#8221;.vc_custom_1504021655198{margin-top: -10px !important;}&#8221;][vc_column width=&#8221;3/4&#8243;][vc_column_text] ÖFFNUNGSZEITEN [/vc_column_text][vc_row_inner][vc_column_inner width=&#8221;1/3&#8243;][vc_column_text] ERÖFFNUNG: [/vc_column_text][/vc_column_inner][vc_column_inner width=&#8221;2/3&#8243;][vc_column_text]MESSER TULPEN: Täglich vom 31.März bis zum 01. Mai 2018 (mon-fre h10-18, sam-son h10-19) SCHLOSS VON PRALORMO: – Besucher: Täglich vom 31. März bis zum 01.Mai 2018 Jeden Sonntag vom 06.Mai bis zum 25.November 2018 ( außer im August) Ohne Vorreservierung – Gruppen über [&hellip;]</p>

<!-- This site is optimized with the Yoast SEO plugin v16.1.1 - https://yoast.com/wordpress/plugins/seo/ -->
<title>ÖFFNUNGSZEITEN - Castello di Pralormo</title>
<link rel="canonical" href="https://castellodipralormo.com/de/offnungszeiten/" />
<meta property="og:locale" content="de_DE" />
<meta property="og:type" content="article" />
<meta property="og:title" content="ÖFFNUNGSZEITEN - Castello di Pralormo" />
<meta property="og:description" content="[vc_row wrap_container=&#8221;yes&#8221; css=&#8221;.vc_custom_1504021655198{margin-top: -10px !important;}&#8221;][vc_column width=&#8221;3/4&#8243;][vc_column_text] ÖFFNUNGSZEITEN [/vc_column_text][vc_row_inner][vc_column_inner width=&#8221;1/3&#8243;][vc_column_text] ERÖFFNUNG: [/vc_column_text][/vc_column_inner][vc_column_inner width=&#8221;2/3&#8243;][vc_column_text]MESSER TULPEN: Täglich vom 31.März bis zum 01. Mai 2018 (mon-fre h10-18, sam-son h10-19) SCHLOSS VON PRALORMO: – Besucher: Täglich vom 31. März bis zum 01.Mai 2018 Jeden Sonntag vom 06.Mai bis zum 25.November 2018 ( außer im August) Ohne Vorreservierung – Gruppen über [&hellip;]" />
<meta property="og:url" content="https://castellodipralormo.com/de/offnungszeiten/" />
<meta property="og:site_name" content="Castello di Pralormo" />
<meta property="article:modified_time" content="2018-04-09T07:47:27+00:00" />
<meta name="twitter:card" content="summary" />
<meta name="twitter:label1" content="Geschätzte Lesezeit">
	<meta name="twitter:data1" content="1 Minute">
<script type="application/ld+json" class="yoast-schema-graph">{"@context":"https://schema.org","@graph":[{"@type":"WebSite","@id":"https://castellodipralormo.com/#website","url":"https://castellodipralormo.com/","name":"Castello di Pralormo","description":"","potentialAction":[{"@type":"SearchAction","target":"https://castellodipralormo.com/?s={search_term_string}","query-input":"required name=search_term_string"}],"inLanguage":"de-DE"},{"@type":"WebPage","@id":"https://castellodipralormo.com/de/offnungszeiten/#webpage","url":"https://castellodipralormo.com/de/offnungszeiten/","name":"\u00d6FFNUNGSZEITEN - Castello di Pralormo","isPartOf":{"@id":"https://castellodipralormo.com/#website"},"datePublished":"2018-04-04T14:04:08+00:00","dateModified":"2018-04-09T07:47:27+00:00","breadcrumb":{"@id":"https://castellodipralormo.com/de/offnungszeiten/#breadcrumb"},"inLanguage":"de-DE","potentialAction":[{"@type":"ReadAction","target":["https://castellodipralormo.com/de/offnungszeiten/"]}]},{"@type":"BreadcrumbList","@id":"https://castellodipralormo.com/de/offnungszeiten/#breadcrumb","itemListElement":[{"@type":"ListItem","position":1,"item":{"@type":"WebPage","@id":"https://castellodipralormo.com/de/","url":"https://castellodipralormo.com/de/","name":"Home"}},{"@type":"ListItem","position":2,"item":{"@type":"WebPage","@id":"https://castellodipralormo.com/de/offnungszeiten/","url":"https://castellodipralormo.com/de/offnungszeiten/","name":"\u00d6FFNUNGSZEITEN"}}]}]}</script>
<!-- / Yoast SEO plugin. -->
